et a be v(-20). Suppose -5*f - 5*j + 45 = 0, a = 4*j + 3 + 5. Calculate the greatest common divisor of f and 11.
11
Let d(y) = -3*y**3 + 2*y**2 + 4*y. Let u be d(4). Let b = u - -93. Let f = b + 131. Calculate the greatest common factor of f and 10.
10
Suppose 87*r = 78*r + 2277. What is the greatest common factor of 23 and r?
23
Let r(t) = 4*t**3 - 4*t**2 - 2*t + 13. Let d be r(-4). Let o = d + 539. What is the highest common divisor of o and 5?
5
Let i be 87/(-2)*-3*(-38)/(-9). Let v = i + -548. What is the highest common divisor of v and 3?
3
Let o be ((-10)/(-2) - -81)/((-4)/(-22)). What is the greatest common factor of 3612 and o?
43
Suppose 0 = -118*q + q + 2808. Suppose 5*l = -15 + 55. Let p = 11 - l. Calculate the greatest common divisor of p and q.
3
Let c(s) = 2*s**2 - 4*s - 24. Let o be c(7). Suppose -5*a + 913 = -7. Calculate the highest common factor of o and a.
46
Let o(t) = 4*t**2 + 14*t - 4. Suppose 2*x - 48 = 4*g - 6, -4*g - 44 = -4*x. Let w be o(g). Let h = 457 + -425. Calculate the greatest common divisor of h and w.
32
Let k be 3/(2/(-2*7)). Let y be ((-9)/4)/(k/224). Suppose -20*g + 21*g = y. What is the greatest common factor of g and 36?
12
Suppose -282 = -24*u - 66. Calculate the highest common divisor of u and 1413.
9
Suppose -140*s + 1824 = -34*s - 74*s. Suppose 0*m + 228 = m. Calculate the greatest common factor of m and s.
57
Let u = 14176 + -14014. Calculate the greatest common divisor of u and 12798.
162
Suppose -50 = -4*n + 146. Suppose 2*a - n = 47. Suppose 2*d + w - 22 = 3*w, 2*d + 2*w - 2 = 0. Calculate the highest common divisor of a and d.
6
Suppose -691*i = -20339791 - 2934471. What is the highest common divisor of 22 and i?
22
Suppose -20 = 5*v, 3*n - 14*v - 938 = -9*v. Calculate the highest common divisor of 136 and n.
34
Let h = 352 - 350. Suppose -75 = -5*w + 4*q, w - h*w - 5*q + 44 = 0. Calculate the highest common divisor of w and 608.
19
Let z(t) = 27*t**2 - 3*t + 12. Let b be z(2). Suppose -b = -v - 71. What is the greatest common factor of 129 and v?
43
Suppose 6*d - 815 + 185 = 0. Let i = 8 + d. Let w = i + -100. Calculate the highest common factor of 1 and w.
1
Suppose -13*w + 14*w + 2*a - 14774 = 0, 0 = -4*a - 20. Suppose 7*j - 21*j = -w. Calculate the highest common factor of j and 66.
66
Suppose 5*o - 2818 = 2817. Let t = 65672 + -65649. Calculate the highest common factor of t and o.
23
Let z(v) = -v**2 + v + 72. Let a be z(8). Let x(u) = u**2 - 22*u - 20. Let b be x(23). Suppose b*h + h - 64 = 0. What is the greatest common divisor of h and a?
16
Let v(y) = -4*y + 27. Let g be v(19). Let c be (g + 3)/(-1) - 4. Let d = -3 - -9. Calculate the greatest common divisor of c and d.
6
Suppose -4*c + 0*y = -5*y + 1595, 0 = -y - 5. Let m = 406 + c. Suppose -4*d + 12 = -v - 16, 0 = v. What is the highest common factor of d and m?
1
Suppose -3*t + 51 = -75. Let r be ((-976)/18)/(-4) - (-116)/261. Calculate the greatest common factor of r and t.
14
Suppose -3*a + 2181 = -2*y + 415, -3*y - 1179 = -2*a. Calculate the greatest common factor of 245 and a.
49
Let r be 4*(-3 - (-3 - 1)). Suppose -4*w - w = -i + 49, r*w = -i + 58. What is the highest common factor of 180 and i?
18
Suppose f - 17625 = 4*h, f = -5*h + 12199 + 5381. Calculate the greatest common factor of 35 and f.
35
Suppose 0 = -17*c + 9*c + 208. Suppose -3*g = c*g - 2349. Let y = 23 + -14. What is the highest common factor of y and g?
9
Suppose 50*b - 1215 + 561 = 846. Suppose 1 = f, 45 = 4*z + 2*f - 5*f. Calculate the highest common factor of z and b.
6
Suppose 8*y = 74 + 14. Suppose 3*b = -y*b + 588. Calculate the greatest common divisor of 84 and b.
42
Suppose -468 = -84*r - 91 + 2143. Let d = -53 + 248. Calculate the greatest common factor of r and d.
15
Suppose -8 = -7*q + 48. Suppose q*d = 15*d - 35. Suppose -10*v + 105 = -d*v. What is the greatest common factor of v and 189?
21
Let b be ((-2)/12)/((-327)/436*2/423). What is the highest common factor of 4935 and b?
47
Let j = -32231 - -32287. What is the greatest common factor of 868 and j?
28
Suppose z = -2*m - 0*z + 109, -3*z + 273 = 5*m. Let w be 9/(-5)*(-300)/20. Suppose -w - 297 = -4*s. Calculate the greatest common factor of s and m.
27
Suppose r = -0*r + 3*f + 204, -5*f + 452 = 2*r. Calculate the highest common divisor of r and 984.
24
Let y = 2365 + -1384. What is the greatest common divisor of 763 and y?
109
Let b = 51 - 58. Let u = b + 9. Suppose 0*m - 4 = u*m - 3*q, 3*m = 3*q. Calculate the highest common divisor of m and 32.
4
Let n(b) = 25*b**3 - b**2 + b - 3. Let a be n(1). Suppose -15*f - 308 = -a*f. Calculate the greatest common divisor of f and 16.
4
Let k(p) = 3*p**3 - 10*p**2 - 30*p + 92. Let t be k(6). Calculate the greatest common factor of 376 and t.
8
Let b be (-6 + (-248 - -9))/(1 - 0). Let p = b - -434. Let w = -22 + 43. What is the highest common divisor of p and w?
21
Let a = 123 + -83. Let v be (2 + -7)/(9/3) + (-2535)/(-117). What is the greatest common factor of v and a?
20
Let n(j) = 23 - 2*j - 59 + 30 + 21. Let h be n(7). Let i be (h + 2)/(((-20)/12)/(-5)). Calculate the highest common factor of 6 and i.
3
Suppose 2*c - 271 = -2*z + 59, -z + c + 175 = 0. Suppose -z = -5*w - 5*j, -w + 4*j + 15 + 19 = 0. What is the highest common factor of 68 and w?
34
Let f = -195 - -201. Let n(x) = 39*x - 226. Let r be n(f). Let k(l) = 3*l**2 - 2*l + 1. Let s be k(1). Calculate the greatest common factor of r and s.
2
Suppose 121*q = -2*q + 18*q + 16380. What is the highest common factor of q and 2379?
39
Let v(q) = -5*q - 114. Let f be v(-39). Suppose 0 = w + 3*s - 8*s - 77, -w = -3*s - f. Calculate the highest common divisor of w and 290.
29
Let t(c) = c**3 + 15*c**2 + 6*c + 3. Let l be t(-6). Let n = l - 19. Let h be 8/3*(-714)/(-56). What is the greatest common factor of h and n?
34
Let m be 15/(-10) - 43/(-2). Suppose -414*b + 471*b = 7410. What is the greatest common divisor of m and b?
10
Let f be (-2 + 7/2)/((-12)/(-40)). Suppose -f*s = -10*s + 200. Let g be (-3)/((-18)/(-15))*(-144)/s. What is the highest common factor of g and 36?
9
Let j be 163 - (6 - 12 - 3 - -5). Calculate the highest common factor of 1 and j.
1
Suppose -3*n = 0, 4*g + 0*g - 3*n - 76 = 0. Suppose -22*i + 6 = -g*i. Suppose 2 + i = 4*h. Calculate the highest common divisor of h and 1.
1
Let c = 8 - 12. Let g be (-58)/c*(7 - 3). Suppose -4*t + 352 = -d - 0*d, 0 = 4*t - 3*d - 360. Calculate the greatest common factor of t and g.
29
Let o be ((-84)/(-56))/(-2 - (-29)/14). Suppose -24*g + o*g + 1584 = 0. What is the highest common divisor of g and 33?
33
Let n(o) = 496*o - 510. Let p be n(25). What is the highest common divisor of 1230 and p?
410
Suppose 5*r - o = 1890, 2*o - 4*o = -r + 378. What is the greatest common divisor of 84 and r?
42
Suppose -2*b + p + 8 = 2*b, 5*b - 10 = -3*p. Suppose -d - 84 = i - b*i, -3*d + 4*i = 247. Let x = 173 + d. What is the highest common factor of x and 12?
12
Let d = 538 - 442. What is the greatest common divisor of d and 6144?
96
Let h(k) = 11*k + 1313. Let l be h(-27). What is the greatest common factor of 24 and l?
8
Let k(o) be the second derivative of 17*o**3/6 - 337*o**2/2 + 74*o. Let z be k(21). What is the highest common divisor of z and 64?
4
Let a = -587 + 711. Let y = -152 + 96. Let q = a + y. Calculate the highest common divisor of 170 and q.
34
Let z(t) = 4*t**2 - 27*t - 4. Let c be z(7). Let x be -9 + c + 3 - -7. Calculate the highest common factor of 124 and x.
4
Let y(u) = 16*u - 7. Let j be y(1). Let q be (-3)/18 - (-1190)/12. What is the greatest common factor of j and q?
9
Suppose 3654304 + 5048421 + 5324775 = 362*m. Calculate the greatest common factor of m and 62.
62
Let x(w) = w**3 - 15*w**2 - 4*w + 66. Let s be x(15). Let i be 264/(5/s*45/25). What is the highest common factor of 11 and i?
11
Suppose -18*m + g - 8 = -19*m, 3*m - 34 = -5*g. Suppose 5*a + 11 = a + 3*k, -m*a - 2*k = -13. What is the greatest common divisor of 7 and a?
1
Let b(y) = 30*y + 15. Let o be b(7). Suppose -o = -16*d + 7*d. Calculate the highest common factor of d and 100.
25
Suppose -3*i - 50158 = 4*m - 8*m, 4*i - 125464 = -10*m. What is the highest common divisor of 96 and m?
32
Let v(i) = 25*i + 107. Let q be v(-4). Let k be 1/(-3 + 85/28). What is the highes